 = -12. What is the greatest common factor of s and a?
8
Suppose -5*z = -20 - 15. Suppose -z = -4*i + 29. What is the highest common factor of 99 and i?
9
Let v be (-2)/(-8) - (-435)/20. Calculate the highest common divisor of 154 and v.
22
Let a = 112 - 7. Suppose 0 = -22*k - 4*k + 390. What is the greatest common divisor of a and k?
15
Suppose -2*v + 5 = -1, v - 15 = -4*z. Suppose 3*u = z*j - 36, 2*j - u - 22 = 4. Calculate the highest common factor of 154 and j.
14
Let a = 11 - 8. Let v be 62/3 - (-1)/a. What is the greatest common divisor of v and 21?
21
Let d(a) = -14*a**3 - 2*a**2 - 3*a - 1. Let h be d(-2). Suppose h + 123 = 4*v. What is the highest common divisor of v and 29?
29
Let a be (-6)/5*(-40)/12. Suppose 18 - 218 = -20*p. What is the highest common factor of a and p?
2
Suppose 2*a + 2 = -3*b + 8, -b + 2 = 4*a. Suppose -5*v + 15 + 20 = a. What is the greatest common factor of 77 and v?
7
Let v be 13/(-4) - 1/(-4). Let p be v/9 - 44/(-6). Let n be 506/7 - 2/p. Calculate the greatest common factor of n and 9.
9
Suppose b = 2*b + f - 12, 4*b - 28 = f. Let a be 4/(0 + b/20). Calculate the greatest common factor of 10 and a.
10
Suppose 3*c - 336 = -0*c. Calculate the highest common divisor of 56 and c.
56
Let c(a) = -2*a - 5. Let h be -4*3/(-6)*-6. Let q = h + 3. Let z be c(q). Calculate the greatest common divisor of z and 13.
13
Suppose 0*l = 4*l - 56. Let g(x) = x**2 - x. Let c be g(2). What is the greatest common factor of c and l?
2
Let j = 6 - 1. Let u be (0 - -1)*30/j. Let w be 65*(u/(-3) - -3). Calculate the highest common divisor of w and 26.
13
Let i(h) = h + 25. Let g be i(-13). Let c be ((-3)/(-9) - 0)*9. What is the greatest common factor of c and g?
3
Suppose -3*w + 4 = -l + 10, 3*w = 3. Let r be (-1274)/18 + 12/(-54). Let p be 3/3 - 1*r. Calculate the greatest common divisor of p and l.
9
Suppose 12*n - 17*n = -30. What is the highest common divisor of 42 and n?
6
Suppose -a + 5*a - 12 = 0. Let r be 3/(-6) - (-17)/2. Suppose r*q - 765 = a*q. Calculate the highest common divisor of 17 and q.
17
Let i(s) = 0*s - 3*s - s. Let c be i(-1). Suppose c*t - 4*o - 600 = 0, 3*t - o + 156 = 4*t. Calculate the highest common factor of 17 and t.
17
Suppose -2*o + 2*w + 24 = -0*w, -w = 4*o - 23. Let f(s) = s**2 - 7*s + 9. Let k be f(o). What is the greatest common factor of 27 and k?
9
Let p = 68 + -28. Calculate the greatest common factor of 8 and p.
8
Suppose -32 = -3*m + 67. What is the highest common factor of m and 11?
11
Let s(r) = r**3 + 7*r**2 + 4*r + 5. Let b be s(-6). Let k be 34*(3 - (0 + 2)). Suppose -6*q = -4*q - k. Calculate the greatest common factor of b and q.
17
Suppose -5 = -h - 3. Suppose 0 = 5*g - h*g - 222. Let i = -19 + g. What is the greatest common divisor of 22 and i?
11
Let v(f) = -f**2 + 5*f + 7. Let h be v(3). What is the highest common factor of 143 and h?
13
Let l be ((-4)/8)/(2*(-2)/8). Calculate the greatest common factor of l and 7.
1
Let a(y) = y**3 + 64 + y - y**2 - 4*y**2 + 6*y**2 - 2*y**2. Let h be a(0). Calculate the greatest common divisor of 8 and h.
8
Let f = -2 + 39. What is the highest common divisor of f and 296?
37
Suppose 5*c - 2 = -2*s + 33, 0 = 4*s. What is the greatest common factor of c and 35?
7
Let p be 109 - 22 - (4 + -1)*-1. What is the highest common divisor of 30 and p?
30
Let d be 303*((-2)/(-6) - 0). Suppose 2*m + 4*w = 112, 4*w + 87 + d = 3*m. Calculate the highest common divisor of m and 20.
20
Suppose 3*h + 5 = r, -r + h + 5 = -4*h. Suppose -2*w + 4 = 0, -r*w - 15 = -4*s + 3. Calculate the highest common factor of 7 and s.
7
Let s(n) = -n**2 - n + 6. Let l be s(0). Suppose -4*x + 2*b + 38 = -0*b, -4*x = -5*b - 41. Calculate the greatest common divisor of l and x.
3
Suppose o = 1, 0 = 3*c - 2*c - 3*o - 438. Calculate the highest common factor of 49 and c.
49
Let r be (-23)/(-5) + (-2)/(-5). Let l = 7 - r. Calculate the highest common factor of l and 3.
1
Let g be 2 - -33 - (7 - 10). Calculate the greatest common divisor of 266 and g.
38
Suppose 0 = 29*z - 28*z - 44. Calculate the greatest common divisor of z and 66.
22
Suppose -519 - 141 = -4*s. Suppose -5*g + 7*t - 2*t + s = 0, 4*t - 108 = -4*g. What is the greatest common factor of 15 and g?
15
Let l = 44 - 16. Let y be -2 + 1 - (1 - l). What is the highest common factor of 39 and y?
13
Suppose 429 = 2*d + 9*d. What is the highest common factor of d and 3?
3
Let n(y) = -y**2 - 7*y + 3. Let f be n(-7). Suppose f*r - 6 = 42. What is the greatest common factor of r and 160?
16
Let r(q) = q + 4. Let d be r(4). Let t(w) = 8*w**3 - w**2 + w. Let n be t(1). Let v be (-4)/n - 33/(-2). What is the greatest common factor of d and v?
8
Let q = -34 + 59. Let w be (-5 - -15)/(1*2). Calculate the greatest common factor of w and q.
5
Let a = 274 - -12. What is the highest common divisor of 26 and a?
26
Suppose 0 = 2*t + 7 - 61. Calculate the greatest common factor of t and 9.
9
Let c(k) = 6*k + 2. Let t be c(4). What is the highest common divisor of 39 and t?
13
Let g = 46 + 38. Let o = 3 + 2. Let k = o + 7. What is the greatest common divisor of k and g?
12
Let k be -1*(1 - (36 - 1)). Let f = k - 14. Let a(n) = -n + 1. Let m be a(-4). What is the highest common divisor of m and f?
5
Suppose 0 = 3*s - 0*s - 45. What is the highest common divisor of 5 and s?
5
Let a = 12 + -7. Suppose -73 = -a*z - 5*y + y, 4*z = -4*y + 56. What is the highest common divisor of z and 17?
17
Suppose 5*a - 4*x - 1 = -7*x, 5*x + 7 = -4*a. Suppose p - 5*u - 250 = -a*p, -232 = -3*p - 4*u. What is the greatest common factor of 10 and p?
10
Let z be 6/(-2) - (-1 - 8). Let v be 49 - z/(-3 + 0). Calculate the greatest common factor of 17 and v.
17
Suppose -2*x - x = -12. Suppose -2*u = 5*m - 8, 6 = x*u - 3*m - 10. Suppose p = 16 - 0. Calculate the highest common factor of p and u.
4
Let p(y) = y + 1. Let m be p(4). Suppose -5*q = 3*u + 2 - 57, -3*u + q = -61. Calculate the greatest common divisor of m and u.
5
Suppose -3*k = -0*k - 336. Let v = 28 - 44. Let f be v/(-1 - 0) + 0. What is the highest common factor of k and f?
16
Suppose 0 = -x + 5*l - 12, l - 2 = 3. Let b = -2 - -4. Let i = b + 11. Calculate the greatest common divisor of x and i.
13
Let u = 4 - 7. Let n(p) be the third derivative of 2*p**5/15 - p**4/12 + p**3/2 - p**2. Let j be n(u). Calculate the highest common divisor of j and 9.
9
Let l be 0 + 0 - (1 - 3). Suppose -278 = -l*h + 96. Let v = -8 - -25. What is the greatest common divisor of h and v?
17
Suppose -4*r - 1 = -5*h - 0, -5*r + 2 = -3*h. Let p be (18/(-5))/((-2)/5). Calculate the greatest common factor of h and p.
1
Let l(a) = a**2 - 10*a - 35. Let j be l(19). Let t = 2 - -15. Calculate the greatest common divisor of j and t.
17
Suppose 3*g + 2 = 20. Let m = g - 2. Let s be ((-3)/(-6))/(m/24). What is the highest common factor of 12 and s?
3
Let b(c) = c**2 + 6*c - 5. Let k be b(-7). Suppose -3*d - 77 = -4*z, k*z - 2*d + 1 - 37 = 0. What is the greatest common divisor of 207 and z?
23
Let w = 374 - 222. Let z = 0 - -19. What is the highest common divisor of z and w?
19
Let u(g) = g**3 - g**2 - g - 10. Let r be u(0). Let y be (-626)/r + 4/10. What is the highest common factor of y and 9?
9
Let s(l) = l**3 + 6*l**2 - 14*l - 7. Let p be s(-6). Let c be 0 + (1 - 0) + 6. Calculate the greatest common factor of c and p.
7
Suppose 0 = 2*i - 16 - 24. What is the highest common factor of 2 and i?
2
Suppose -36 = -5*k + 19. Let l(u) = u**2 + 4*u + 10. Let q be l(-9). What is the greatest common factor of q and k?
11
Let n be (-12)/24 - 1/(-2). Suppose -2*l + 222 = 2*u - n*l, 0 = 4*u + 5*l - 443. Calculate the greatest common factor of u and 16.
16
Suppose -3*m = 1 - 16. Suppose 0*p + 73 = m*g + p, 44 = 4*g - 4*p. What is the highest common factor of g and 7?
7
Suppose -56 = 2*w - 6*w. Suppose 2*d + 0*d - 4*c = 208, -2*d = 4*c - 240. What is the greatest common divisor of w and d?
14
Suppose 5*n = 11 + 4. Suppose n*r = -p - 0*p, 3*p = 5*r - 14. Let y be 2 - (-1 - 0/p). Calculate the highest common divisor of y and 3.
3
Let z(r) = 4*r**2 + r + 2. Let a be z(2). Let f(q) = -3*q**3 + 2*q**2 - 3*q + 3. Let i be f(-3). Let k = 211 - i. What is the greatest common factor of a and k?
20
Let v(h) = -4*h + 9*h + 7*h. Let n be v(9). What is the highest com